is 252 - -262?
514
In base 4, what is 2112013 - -301?
2112320
In base 11, what is a + -209a2?
-20993
In base 15, what is 145a - -5?
1460
In base 9, what is -416 + 363?
-43
In base 16, what is -14ec6 - -1?
-14ec5
In base 4, what is -33203 - 2213?
-102022
In base 13, what is c271b + 2?
c2720
In base 16, what is -21 + 9f1?
9d0
In base 7, what is -1135460 + -34?
-1135524
In base 7, what is -2330 - 1001?
-3331
In base 2, what is -100 - -1100011010011?
1100011001111
In base 4, what is -1 - -31311?
31310
In base 9, what is 3677 - 7?
3670
In base 13, what is 0 + -7051?
-7051
In base 9, what is -6 + -715354?
-715361
In base 4, what is 2 + 1330?
1332
In base 2, what is 101 + 10100010101000?
10100010101101
In base 10, what is 825 + 923?
1748
In base 3, what is -2 + 212020202?
212020200
In base 15, what is -169c9 + 3?
-169c6
In base 10, what is 8486428 - -2?
8486430
In base 2, what is -10 + -110010011111111?
-110010100000001
In base 6, what is 2 - -542413?
542415
In base 15, what is 336682 + -4?
33667d
In base 13, what is -16001 + 1?
-16000
In base 11, what is -3 - 3716?
-3719
In base 15, what is 4c0 + 902?
dc2
In base 2, what is 10101011001110010 + -100010?
10101011001010000
In base 16, what is 54a + -20?
52a
In base 10, what is 730 + 1369?
2099
In base 10, what is 160103 + -7?
160096
In base 15, what is -5 - -1c649e?
1c6499
In base 13, what is -3 - -38155?
38152
In base 11, what is -284961 - -3?
-284959
In base 16, what is -16b - de0?
-f4b
In base 3, what is 20 - -121122110002?
121122110022
In base 5, what is -204 - 41242?
-42001
In base 7, what is 121 + -16053?
-15632
In base 3, what is 2212000 - -211?
2212211
In base 15, what is 5c3d + -1?
5c3c
In base 13, what is 13388 + 20?
133a8
In base 5, what is -124422343 - -2?
-124422341
In base 5, what is -4 - -22122433?
22122424
In base 4, what is -33211030 + 2?
-33211022
In base 7, what is 6 - -2466442?
2466451
In base 7, what is 3 - 55542?
-55536
In base 16, what is c5 + 201?
2c6
In base 7, what is 1141065 + 0?
1141065
In base 4, what is 231200313 + 11?
231200330
In base 6, what is 1 - 11504?
-11503
In base 12, what is -134250 - -2?
-13424a
In base 10, what is 14 + 451?
465
In base 16, what is -8 - 5dd?
-5e5
In base 8, what is -53 + -41122?
-41175
In base 13, what is b - 190c?
-1901
In base 2, what is -1001010 + -100011100110?
-100100110000
In base 16, what is 24a7 + 2?
24a9
In base 2, what is 1 - 11100101101011000?
-11100101101010111
In base 5, what is 11413 + 124?
12042
In base 7, what is 1 - -23243?
23244
In base 7, what is 456 + -6155?
-5366
In base 3, what is -101001020112 + 11?
-101001020101
In base 12, what is 78b3 - 17?
7898
In base 8, what is 2000115 + -13?
2000102
In base 2, what is -1010011001000001110 - 11?
-1010011001000010001
In base 15, what is -1b - 259a?
-25b6
In base 8, what is 23327 + 2?
23331
In base 7, what is 45014 - -315?
45332
In base 8, what is 2042216 + 5?
2042223
In base 4, what is -10211122123 - 0?
-10211122123
In base 14, what is -64 + ab2?
a4c
In base 6, what is 1 + 42140414?
42140415
In base 11, what is -4 + 4754?
4750
In base 6, what is -5 + 112011?
112002
In base 4, what is -222303 + -203?
-223112
In base 5, what is -104314 + -1?
-104320
In base 9, what is 447588 - -2?
447601
In base 11, what is -1 + -26693?
-26694
In base 2, what is -1100110111011 + -11?
-1100110111110
In base 15, what is 111d0 + 18?
111e8
In base 13, what is 30417 + -7?
30410
In base 15, what is 16 + -2085?
-206e
In base 8, what is 11420 - 117?
11301
In base 6, what is 344 - -220123?
220511
In base 12, what is 3 - -76a1?
76a4
In base 9, what is -71 - -101?
20
In base 6, what is -54444 - 5?
-54453
In base 6, what is -11410 - -11?
-11355
In base 14, what is -1132 - 0?
-1132
In base 11, what is -3 - 8393?
-8396
In base 14, what is -5 + -2b801?
-2b806
In base 10, what is -266 + -140?
-406
In base 8, what is -4 + -730644?
-730650
In base 4, what is -1 + 30121331?
30121330
In base 15, what is -3c + -212?
-24e
In base 11, what is 32 + -7a60?
-7a29
In base 5, what is -210 + -2033?
-2243
In base 12, what is 5 + 26214?
26219
In base 11, what is -3 - -4781?
4779
In base 13, what is -b3c2b + -1?
-b3c2c
In base 7, what is 1 + -233150?
-233146
In base 10, what is 745 - -487?
1232
In base 4, what is -33303 - 33?
-100002
In base 4, what is 101 - -31102?
31203
In base 4, what is 3320 + -101?
3213
In base 6, what is 305 - -145?
454
In base 10, what is 0 - 18545?
-18545
In base 9, what is 2463 - -20?
2483
In base 3, what is -200 - 1021012201?
-1021020101
In base 15, what is 9437 - 3?
9434
In base 4, what is -12011021 - -2?
-12011013
In base 4, what is -12000203313 - -11?
-12000203302
In base 7, what is -360 - -634?
244
In base 12, what is -231033 - -1?
-231032
In base 3, what is -1112221101 + -11?
-1112221112
In base 9, what is -1660 + 60?
-1600
In base 8, what is -111360 + 74?
-111264
In base 3, what is -1201 - -111001200?
110222222
In base 9, what is 3 - 6448?
-6445
In base 8, what is -14736 - 15?
-14753
In base 2, what is -101 - 10100110001110000?
-10100110001110101
In base 14, what is 18896 - 5?
18891
In base 10, what is 22369 - 2?
22367
In base 15, what is 16 + 371?
387
In base 4, what is 300310 + 33200?
1000110
In base 11, what is -137a + 34?
-1346
In base 13, what is -14512 - a?
-1451c
In base 9, what is 5342004 - 2?
5342002
In base 14, what is -2340 - -4?
-233a
In base 8, what is -603615 - 2?
-603617
In base 4, what is 301 + -1201031?
-1200130
In base 14, what is -b08c - 0?
-b08c
In base 14, what is -b - -66b9?
66ac
In base 10, what is 3 + 93655?
93658
In base 12, what is 3 + 15b60?
15b63
In base 9, what is -1 - 470?
-471
In base 11, what is 5 - -13983?
13988
In base 16, what is 695 + -e?
687
In base 5, what is 22201142 - 4?
22201133
In base 14, what is 1890 - 2?
188c
In base 16, what is -5 + 31972?
3196d
In base 2, what is -110 + -101100011111?
-101100100101
In base 5, what is 114 - -11200120?
11200234
In base 15, what is 25 - 5245?
-5220
In base 13, what is -644b + -4?
-6452
In base 2, what is -11100000100001011 - 11?
-11100000100001110
In base 7, what is 4301035 + 1?
4301036
In base 8, what is -24662 - 4?
-24666
In base 7, what is -1310 - 21?
-1331
In base 16, what is 1 + aa32e?
aa32f
In base 3, what is -21002 - -10211101?
10120022
In base 3, what is -100 - -1222022112?
1222022012
In base 12, what is -3004 + 5?
-2bbb
In base 12, what is -7293 + -26?
-72b9
In base 3, what is -1212222222 - 11?
-1220000010
In base 9, what is 7 - 4145?
-4137
In base 8, what is 71 + 135431?
135522
In base 5, what is -23341230 + 1?
-23341224
In base 16, what is 56 + 8e66?
8ebc
In base 7, what is -616302 + 4?
-616265
In base 3, what is 0 + -2022210112?
-2022210112
In base 11, what is -245 + 10819?
10584
In base 9, what is 1062730 - 5?
1062724
In base 14, what is b - 3cc2?
-3cb5
In base 15, what is 79b - -1?
79c
In base 2, what is 1000101100000 - 1000010?
1000100011110
In base 6, what is 1531 - -1320?
3251
In base 10, what is 198613 + 5?
198618
In base 11, what is 1378 + 115?
1492
In base 15, what is -5b41 + 22?
-5b1e
In base 3, what is 1120020001 - 1202?
1120011022
In base 7, what is -222 - 44?
-266
In base 16, what is -3baf8 - -2?
-3baf6
In base 7, what is -10 - -1666432?
1666422
In base 6, what is 4043 + -11210?
-3123
In base 7, what is 212553 + 2?
212555
In base 15, what is 25b + 18?
274
In base 11, what is 104 - 1688?
-1584
In base 13, what is 29b + c?
2aa
In base 7, what is 112620 - -44?
112664
In base 8, what is 23670 - 7?
23661
In base 2, what is 11111 - 100001011100101?
-100001011000110
In base 11, what is 4 - 9001?
-8aa8
In base 13, what is -1 + -40121?
-40122
In base 6, what is 42 + -311121?
-311035
In base 10, what is 3 - 64995?
-64992
In base 3, what is 21102200 - 10?
21102120
In base 16, what is -bf - -85?
-3a
In base 12, what is -3 - 71495?
-71498
In base 10, what is 3 - 8418?
-8415
In base 9, what is -1 + -1567?
-1568
In base 13, what is 330 + -cbb?
-98b
In base 15, what is -284 - 1223?
-14a7
In base 4, what is 1303201310 - -20?
1303201330
In base 16, what is -ac2 + 69?
-a59
In base 3, what is 112 + 100202221?
100210110
In base 12, what is -5 + 45278?
45273
In base 14, what is -c8d573 + -3?
-c8d576
In base 16, what is -111 + -10a?
-21b
In base 13, what is -61 + -1102?
-1163
In base 14, what is 3 - 172b?
-1728
In base 